i(b) = -186*b**2 + 4770*b - 2929. Determine i(25).
71
Let o(v) = 12570*v - 87546. Determine o(7).
444
Let f(z) = -z**3 + 667*z**2 - 6561*z - 5906. Give f(657).
7
Let x(l) = -27620*l - 3590621. Determine x(-130).
-21
Let m(w) = w**3 - 6*w**2 - 109*w - 306. What is m(-3)?
-60
Let u(o) = o**2 - 17366*o - 138933. What is u(-8)?
59
Let d(o) = -35*o**2 + 465*o - 142. Give d(13).
-12
Let u(d) = -18*d**2 - 137*d - 480. Give u(-6).
-306
Let h(q) = 14772*q + 88584. Determine h(-6).
-48
Let d(m) = -m**3 - 208*m**2 - 8340*m - 1282. Give d(-54).
14
Let l(t) = -165*t**2 - 5229*t - 24410. Calculate l(-26).
4
Let r(u) = -8268*u - 140539. What is r(-17)?
17
Let a(z) = -289*z + 30404. Determine a(105).
59
Let g(a) = a**3 - 293*a**2 + 172*a - 50412. What is g(293)?
-16
Let s(k) = 3*k**3 + 71*k**2 - 186*k - 269. Give s(-26).
-165
Let a(t) = 665*t + 3913. Calculate a(-6).
-77
Let i(d) = -1416*d + 9891. Give i(7).
-21
Let t(v) = 20*v**2 + 1825*v + 445. Calculate t(-91).
-10
Let w(v) = -202*v - 10511. What is w(-50)?
-411
Let j(g) = 8*g**3 + 3454*g**2 - 925*g - 26359. Determine j(-432).
-7
Let l(j) = -503*j - 20124. Give l(-40).
-4
Let m(h) = 6*h**3 + 265*h**2 - 576*h - 154. What is m(-46)?
3066
Let h(y) = 5*y**3 + 239*y**2 + 1066*y + 1471. Determine h(-43).
9
Let v(y) = -18402*y + 55259. Determine v(3).
53
Let k(b) = 17394*b - 2522132. Calculate k(145).
-2
Let p(t) = -16*t**2 - 432*t - 8. Calculate p(5).
-2568
Let k(f) = 143*f + 25298. Calculate k(-173).
559
Let m(v) = -v**3 + 52*v**2 - 801*v + 41652. Calculate m(52).
0
Let o(r) = -r**3 + 13*r**2 + 26*r + 3. Determine o(-6).
531
Let t(b) = b**3 + 546*b**2 + 28293*b - 642. Give t(-58).
-4
Let g(r) = 4223*r + 4172367. Calculate g(-988).
43
Let a(r) = -77*r + 6901. Determine a(95).
-414
Let p(s) = -s**3 - 92*s**2 - 63*s + 2488. Determine p(-91).
-60
Let u(z) = 2*z**2 - 181*z - 2517. Calculate u(103).
58
Let z(j) = -795*j + 34879. Determine z(44).
-101
Let f(h) = h**2 - 2*h - 43909. Determine f(-209).
190
Let r(m) = -220*m**2 - 368*m + 113. What is r(-4)?
-1935
Let b(t) = -47*t**2 + 2415*t - 11. Give b(52).
-1519
Let t(b) = 631*b - 11679. Calculate t(16).
-1583
Let f(g) = -g**3 + 392*g**2 - 13764*g - 1158. Determine f(353).
-99
Let w(d) = 2*d**3 + 136*d**2 + 2182*d + 12. Give w(-42).
96
Let w(x) = x**2 + 147*x + 2564. What is w(-104)?
-1908
Let n(m) = 3*m**3 + 1628*m**2 + 4297*m - 12493. Calculate n(-540).
-73
Let b(y) = 104930*y - 2203525. Calculate b(21).
5
Let w(k) = 2*k**3 - 363*k**2 - 774*k + 107740. Calculate w(182).
-4
Let g(l) = -48102*l - 48103. Calculate g(-1).
-1
Let g(f) = 90*f**3 - 9000*f**2 - 7*f + 52. Give g(100).
-648
Let z(n) = 188*n**3 + 3*n**2 - 58*n + 54. What is z(1)?
187
Let k(a) = -6*a**3 + 65*a**2 - 201*a + 1498. Determine k(10).
-12
Let c(t) = 9307*t - 93066. Give c(10).
4
Let z(q) = -10448*q + 52246. Determine z(5).
6
Let u(s) = -212*s**2 + 4859*s - 3. What is u(23)?
-394
Let c(s) = 111*s**3 + 14206*s**2 - 288*s - 4079. Determine c(-128).
17
Let n(d) = -207*d + 9640. Determine n(60).
-2780
Let f(b) = -3711*b + 33408. Calculate f(9).
9
Let g(b) = 193*b + 7245. Calculate g(-39).
-282
Let k(w) = -w**3 - 416*w**2 - 21474*w + 29388. Determine k(-62).
0
Let o(l) = l**3 - 7*l**2 - 215*l + 185. Calculate o(18).
-121
Let i(c) = -c**2 + 106*c - 2062. What is i(68)?
522
Let v(l) = 15342*l - 91876. Calculate v(6).
176
Let v(b) = -21*b**2 + 497*b + 12. Give v(25).
-688
Let k(j) = 657*j - 19557. Give k(30).
153
Let v(y) = -y**3 - 26*y**2 - 729*y - 16242. Determine v(-23).
-1062
Let n(m) = -31*m**3 - 429*m**2 + 88*m - 18. Calculate n(-14).
-270
Let l(u) = -39*u**2 - 1243*u + 327. Determine l(-32).
167
Let q(s) = s**2 + 48*s + 606. Calculate q(-11).
199
Let f(p) = 81*p**2 - 15863*p - 2554. Calculate f(196).
-6
Let g(b) = -b**3 - 9962*b**2 + 89743*b - 31. Determine g(9).
5
Let f(v) = 3717*v + 89215. Determine f(-24).
7
Let i(x) = 47*x**3 + 244*x**2 + 49*x + 16. Calculate i(-5).
-4
Let k(b) = 27*b**3 - 157*b**2 - 13*b + 5. Determine k(6).
107
Let z(d) = -29257*d - 614390. What is z(-21)?
7
Let z(l) = -3*l**2 + 32608*l - 4251985. Determine z(132).
-1
Let o(n) = 2*n**2 + 2418*n + 24009. Determine o(-10).
29
Let s(r) = 470*r + 4750. Determine s(-10).
50
Let s(w) = -11*w**3 - 877*w**2 - 657*w - 1985. Give s(-79).
-10
Let o(s) = -s**3 + 125*s**2 - 500*s + 1846. Determine o(121).
-90
Let z(n) = -n**3 + 15*n**2 + 7*n - 89. Determine z(0).
-89
Let u(y) = 3*y**3 + 60*y**2 + 181*y + 474. Give u(-17).
-2
Let n(j) = j**3 - 53*j**2 - 17*j + 3195. Determine n(52).
-393
Let b(a) = 2*a**3 - 423*a**2 + 643*a - 2655. What is b(210)?
75
Let t(c) = 490152*c - 1960603. What is t(4)?
5
Let o(z) = z**2 + 270*z + 4716. Give o(-18).
180
Let w(j) = j**3 + 9*j**2 + 3048*j + 15133. Calculate w(-5).
-7
Let g(x) = -11*x**3 - 2385*x**2 + 442*x + 1744. Determine g(-217).
8
Let k(m) = -2*m**3 + 324*m**2 + 234*m - 37484. Calculate k(162).
424
Let h(c) = 2*c**3 + 124*c**2 + 130*c - 506. Calculate h(-61).
-994
Let f(k) = -47979*k - 2782771. Calculate f(-58).
11
Let c(x) = -11*x**2 - 2489*x - 4929. What is c(-2)?
5
Let b(v) = -114*v**2 - 1393*v - 35. Calculate b(-12).
265
Let t(n) = -n**2 - 111*n + 1164. Give t(17).
-1012
Let s(h) = 6263*h + 1002084. Determine s(-160).
4
Let o(u) = -18*u**2 + 1162*u + 4919. Calculate o(-4).
-17
Let x(g) = -27283*g + 682018. Determine x(25).
-57
Let h(w) = w**3 + 34*w**2 - 308*w + 58. Calculate h(-41).
919
Let p(n) = -n**2 - 94*n + 9346. Determine p(62).
-326
Let k(x) = x**2 + 303*x - 1560. Calculate k(-308).
-20
Let g(k) = 6984*k - 195558. Determine g(28).
-6
Let r(q) = 23663*q - 686229. Determine r(29).
-2
Let w(v) = -v**2 + 5444*v + 87161. Give w(-16).
-199
Let x(u) = u**3 - 55*u**2 + 128*u - 14415. Calculate x(57).
-621
Let q(b) = 4*b**2 + 51*b - 293. Calculate q(-17).
-4
Let y(q) = -5*q**2 + 44*q + 1085. What is y(14)?
721
Let i(b) = -7*b**2 - 3521*b + 21372. Calculate i(6).
-6
Let l(z) = -2*z**2 + 2210*z + 836173. Determine l(-298).
-15
Let k(g) = g**2 + 6538*g + 285739. What is k(-44)?
3
Let q(u) = u**3 - 2*u**2 - 4*u - 79. Calculate q(-11).
-1608
Let t(f) = f**3 - 444*f**2 + 39891*f - 5092. Determine t(319).
12
Let n(v) = 103*v + 9906. Determine n(-96).
18
Let c(w) = w**2 - 54*w - 1251. Calculate c(63).
-684
Let n(i) = -i**2 + 323*i - 11456. Calculate n(39).
-380
Let o(l) = -35*l**2 - 296*l + 487. What is o(-20)?
-7593
Let m(b) = -140*b + 2577. Give m(47).
-4003
Let o(c) = c**3 + 38*c**2 + 35*c + 260. Calculate o(-37).
334
Let l(x) = 21*x**3 + 2686*x**2 - 2964*x + 388. Give l(-129).
1
Let p(y) = 4*y**3 + 12*y**2 - 124*y - 449. Calculate p(-4).
-17
Let k(u) = 42*u**2 - 898*u - 2386. Determine k(24).
254
Let f(m) = 31856*m + 95558. Calculate f(-3).
-10
Let y(l) = -1134*l - 959. Give y(-3).
2443
Let w(l) = l**3 - l**2 + 143*l - 541. What is w(4)?
79
Let q(w) = 304*w - 1223. What is q(5)?
297
Let f(u) = u**3 + 169*u**2 + 6899*u - 67. Determine f(-69).
2
Let b(q) = 423*q - 1438. What is b(3)?
-169
Let r(f) = 4*f**3 + 38*f**2 + 60*f + 68. Give r(-8).
-28
Let x(v) = -6*v**2 + 2450*v + 4903. Give x(-2).
-21
Let n(o) = 89163*o + 535141. Calculate n(-6).
163
Let x(d) = -3*d**3 + 43*d**2 - 66*d + 13. What is x(13)?
-169
Let r(s) = 12*s**2 - 1711*s - 31015. What is r(-18)?
3671
Let l(q) = -82*q + 1833. What is l(26)?
-299
Let a(u) = -6*u**2 + 120*u + 8032. Give a(48).
-32
Let n(f) = 4626*f + 14043. Give n(-3).
165
Let b(q) = -961*q**2 - 4783*q + 99. Calculate b(-5).
-11
Let i(q) = 136*q**2 + 1001*q + 31. Give i(-7).
-312
Let c(r) = 2*r**3 - 25*r**2 - 905*r + 9092. Calculate c(10).
-458
Let z(w) = 27678*w + 4566863. Calculate z(-165).
-7
Let n(k) = 450*k - 5944. What is n(12)?
-544
Let z(j) = 74*j**2 + 601*j - 2317. What is z(4)?
1271
Let t(o) = -13210*o + 53819. Calculate t(4).
979
Let r(n) = -4*n**2 + 744*n + 32827. What is r(-37)?
-177
Let o(l) = l**2 + 760147*l + 2280428. What is o(-3)?
-4
Let y(f) = -f**3 - 81*f**2 - 502*f - 263. What is y(-6)?
49
Let j(k) = 2*k**2 - 6902*k - 34565. Determine j(-5).
-5
Let k(l) = 789*l + 10282. Determine k(-16).
-2342
Let l(d) = 3*d**2 - 188*d - 1695. Calculate l(71).
80
Let p(l) = 144*l + 7802. What is p(-56)?
-262
Let p(v) = 57*v**2 + 12818*v + 11290. Determine p(-224).
90
Let j(k) = -11*k**2 - 28*k + 160. What is j(-15)?
-1895
Let o(s) = -s**3 - 219*s**2 - 5763*s - 17578. C